{"id":567,"date":"2025-12-16T08:02:12","date_gmt":"2025-12-16T07:02:12","guid":{"rendered":"https:\/\/wizualna-test.eu\/?page_id=567"},"modified":"2026-03-25T13:48:27","modified_gmt":"2026-03-25T12:48:27","slug":"pelna-organizacja-slubu-i-wesela","status":"publish","type":"page","link":"https:\/\/wizualna-test.eu\/?page_id=567","title":{"rendered":"Kompleksowa organizacja \u015blubu i wesela"},"content":{"rendered":"\t\t<div data-elementor-type=\"wp-page\" data-elementor-id=\"567\" class=\"elementor elementor-567\" data-elementor-post-type=\"page\">\n\t\t\t\t<div class=\"elementor-element elementor-element-0fe4682 e-flex e-con-boxed e-con e-parent\" data-id=\"0fe4682\" data-element_type=\"container\" data-settings=\"{&quot;background_background&quot;:&quot;classic&quot;}\">\n\t\t\t\t\t<div class=\"e-con-inner\">\n\t\t\t\t\t<\/div>\n\t\t\t\t<\/div>\n\t\t<div class=\"elementor-element elementor-element-fd58fe0 e-flex e-con-boxed e-con e-parent\" data-id=\"fd58fe0\" data-element_type=\"container\" data-settings=\"{&quot;background_background&quot;:&quot;classic&quot;}\">\n\t\t\t\t\t<div class=\"e-con-inner\">\n\t\t<div class=\"elementor-element elementor-element-0fc7371 e-con-full e-flex e-con e-child\" data-id=\"0fc7371\" data-element_type=\"container\">\n\t\t<div class=\"elementor-element elementor-element-7f7cd6f e-con-full e-flex e-con e-child\" data-id=\"7f7cd6f\" data-element_type=\"container\" data-settings=\"{&quot;background_background&quot;:&quot;classic&quot;}\">\n\t\t\t\t<\/div>\n\t\t<div class=\"elementor-element elementor-element-e3cfe9d e-con-full e-flex e-con e-child\" data-id=\"e3cfe9d\" data-element_type=\"container\" data-settings=\"{&quot;background_background&quot;:&quot;classic&quot;}\">\n\t\t\t\t<div class=\"elementor-element elementor-element-dddfbb6 elementor-widget elementor-widget-image-box\" data-id=\"dddfbb6\" data-element_type=\"widget\" data-widget_type=\"image-box.default\">\n\t\t\t\t\t<div class=\"elementor-image-box-wrapper\"><div class=\"elementor-image-box-content\"><h2 class=\"elementor-image-box-title\">KOMPLEKSOWA ORGANIZACJA \u015aLUBU I WESELA<\/h2><\/div><\/div>\t\t\t\t<\/div>\n\t\t\t\t<div class=\"elementor-element elementor-element-69ed555 elementor-widget__width-initial elementor-widget elementor-widget-text-editor\" data-id=\"69ed555\" data-element_type=\"widget\" data-widget_type=\"text-editor.default\">\n\t\t\t\t\t\t\t\t\t<p>Od pierwszej rozmowy a\u017c po ostatni moment dnia \u015blubu czuwam nad ka\u017cdym detalem, harmonogramem i koordynacj\u0105 us\u0142ug, aby\u015bcie mogli w pe\u0142ni cieszy\u0107 si\u0119 tym wyj\u0105tkowym czasem \u2013 bez stresu, po\u015bpiechu i niepotrzebnych decyzji podejmowanych w biegu.<\/p>\t\t\t\t\t\t\t\t<\/div>\n\t\t\t\t<div class=\"elementor-element elementor-element-9279ea5 elementor-widget-divider--view-line elementor-widget elementor-widget-divider\" data-id=\"9279ea5\" data-element_type=\"widget\" data-widget_type=\"divider.default\">\n\t\t\t\t\t\t\t<div class=\"elementor-divider\">\n\t\t\t<span class=\"elementor-divider-separator\">\n\t\t\t\t\t\t<\/span>\n\t\t<\/div>\n\t\t\t\t\t\t<\/div>\n\t\t\t\t<div class=\"elementor-element elementor-element-6d0bfbc elementor-widget elementor-widget-text-editor\" data-id=\"6d0bfbc\" data-element_type=\"widget\" data-widget_type=\"text-editor.default\">\n\t\t\t\t\t\t\t\t\t<p><strong>Cena zaczyna si\u0119 od: 12 000 z\u0142 <\/strong><\/p>\t\t\t\t\t\t\t\t<\/div>\n\t\t\t\t<div class=\"elementor-element elementor-element-596d124 elementor-align-center elementor-widget elementor-widget-button\" data-id=\"596d124\" data-element_type=\"widget\" data-widget_type=\"button.default\">\n\t\t\t\t\t\t\t\t\t\t<a class=\"elementor-button elementor-button-link elementor-size-sm\" href=\"https:\/\/wizualna-test.eu\/?page_id=222\">\n\t\t\t\t\t\t<span class=\"elementor-button-content-wrapper\">\n\t\t\t\t\t\t\t\t\t<span class=\"elementor-button-text\">Zapytaj ofert\u0119<\/span>\n\t\t\t\t\t<\/span>\n\t\t\t\t\t<\/a>\n\t\t\t\t\t\t\t\t<\/div>\n\t\t\t\t<\/div>\n\t\t\t\t<\/div>\n\t\t\t\t\t<\/div>\n\t\t\t\t<\/div>\n\t\t<div class=\"elementor-element elementor-element-1e1776c e-flex e-con-boxed e-con e-parent\" data-id=\"1e1776c\" data-element_type=\"container\">\n\t\t\t\t\t<div class=\"e-con-inner\">\n\t\t\t\t<div class=\"elementor-element elementor-element-95f2ac6 elementor-widget elementor-widget-spacer\" data-id=\"95f2ac6\" data-element_type=\"widget\" data-widget_type=\"spacer.default\">\n\t\t\t\t\t\t\t<div class=\"elementor-spacer\">\n\t\t\t<div class=\"elementor-spacer-inner\"><\/div>\n\t\t<\/div>\n\t\t\t\t\t\t<\/div>\n\t\t\t\t<div class=\"elementor-element elementor-element-5c093c2 elementor-widget__width-initial elementor-widget elementor-widget-heading\" data-id=\"5c093c2\" data-element_type=\"widget\" data-widget_type=\"heading.default\">\n\t\t\t\t\t<h2 class=\"elementor-heading-title elementor-size-default\">Wasz \u015blub to pocz\u0105tek nowej historii. Niech b\u0119dzie opowiedziany w najpi\u0119kniejszy spos\u00f3b<\/h2>\t\t\t\t<\/div>\n\t\t\t\t<div class=\"elementor-element elementor-element-59160b7 elementor-widget__width-initial elementor-widget elementor-widget-heading\" data-id=\"59160b7\" data-element_type=\"widget\" data-widget_type=\"heading.default\">\n\t\t\t\t\t<h2 class=\"elementor-heading-title elementor-size-default\">- bez stresu, po\u015bpiechu i setek spraw na g\u0142owie.<\/h2>\t\t\t\t<\/div>\n\t\t\t\t<div class=\"elementor-element elementor-element-0eb8da5 elementor-widget__width-initial elementor-widget elementor-widget-text-editor\" data-id=\"0eb8da5\" data-element_type=\"widget\" data-widget_type=\"text-editor.default\">\n\t\t\t\t\t\t\t\t\t<p><span style=\"font-weight: 400;\">Pakiet Kompleksowa Organizacja to zaproszenie do \u015bwiata, w kt\u00f3rym ka\u017cdy detal ma znaczenie: sala, kt\u00f3ra zachwyci Was i go\u015bci, muzyka nios\u0105ca emocje, scenografia podkre\u015blaj\u0105ca charakter chwili, smaki i atrakcje, kt\u00f3re zostan\u0105 zapami\u0119tane na lata.<\/span><\/p><p><span style=\"font-weight: 400;\">Zyskujecie nie tylko dost\u0119p do sprawdzonych us\u0142ugodawc\u00f3w, ale te\u017c partnerki, kt\u00f3re czuwaj\u0105 nad ca\u0142ym procesem &#8211; od pierwszej wizji, przez planowanie i harmonogramy, a\u017c po koordynacj\u0119 w dniu \u015blubu. Dzi\u0119ki temu mo\u017cecie cieszy\u0107 si\u0119 swoim dniem w pe\u0142ni &#8211; pewni, \u017ce wszystko dzieje si\u0119 dok\u0142adnie tak, jak powinno.<br \/><br \/><\/span><strong>Je\u015bli marzycie o uroczysto\u015bci, kt\u00f3ra b\u0119dzie pi\u0119kna, sp\u00f3jna i zaplanowana w najmniejszych detalach &#8211; pozw\u00f3lcie nam by\u0107 Waszym przewodnikiem.<\/strong><\/p>\t\t\t\t\t\t\t\t<\/div>\n\t\t\t\t<div class=\"elementor-element elementor-element-354a880 elementor-widget-divider--view-line elementor-widget elementor-widget-divider\" data-id=\"354a880\" data-element_type=\"widget\" data-widget_type=\"divider.default\">\n\t\t\t\t\t\t\t<div class=\"elementor-divider\">\n\t\t\t<span class=\"elementor-divider-separator\">\n\t\t\t\t\t\t<\/span>\n\t\t<\/div>\n\t\t\t\t\t\t<\/div>\n\t\t\t\t<div class=\"elementor-element elementor-element-fc2af04 elementor-widget elementor-widget-heading\" data-id=\"fc2af04\" data-element_type=\"widget\" data-widget_type=\"heading.default\">\n\t\t\t\t\t<h2 class=\"elementor-heading-title elementor-size-default\">Pakiet Kompleksowa Organizacja<\/h2>\t\t\t\t<\/div>\n\t\t\t\t<div class=\"elementor-element elementor-element-219f994 elementor-widget__width-initial elementor-widget elementor-widget-text-editor\" data-id=\"219f994\" data-element_type=\"widget\" data-widget_type=\"text-editor.default\">\n\t\t\t\t\t\t\t\t\t<p><span style=\"font-weight: 400;\">Ten pakiet jest idealny dla Par, kt\u00f3re:<\/span><\/p><ul><li><span style=\"font-weight: 400;\">nie maj\u0105 czasu samodzielnie zorganizowa\u0107 \u015blubu,<\/span><\/li><li><span style=\"font-weight: 400;\">mieszkaj\u0105 za granic\u0105 i potrzebuj\u0105 wsparcia na miejscu,<\/span><\/li><li><span style=\"font-weight: 400;\">nie wiedz\u0105, jak rozpocz\u0105\u0107 przygotowania lub utkn\u0119\u0142y w jednym punkcie,<\/span><\/li><li><span style=\"font-weight: 400;\">marz\u0105 o perfekcyjnym weselu, dopi\u0119tym w ka\u017cdym szczeg\u00f3le.<\/span><\/li><\/ul><p>\u00a0<\/p>\t\t\t\t\t\t\t\t<\/div>\n\t\t\t\t<div class=\"elementor-element elementor-element-1303be4 elementor-widget elementor-widget-heading\" data-id=\"1303be4\" data-element_type=\"widget\" data-widget_type=\"heading.default\">\n\t\t\t\t\t<h2 class=\"elementor-heading-title elementor-size-default\">W ramach pakietu otrzymujecie pe\u0142n\u0105 opiek\u0119 nad organizacj\u0105 \u015blubu i wesela, w tym:\n<\/h2>\t\t\t\t<\/div>\n\t\t\t\t<div class=\"elementor-element elementor-element-e499712 elementor-widget__width-initial elementor-widget elementor-widget-text-editor\" data-id=\"e499712\" data-element_type=\"widget\" data-widget_type=\"text-editor.default\">\n\t\t\t\t\t\t\t\t\t<p><span style=\"font-weight: 400;\">Rekomendacje i wyb\u00f3r sprawdzonych us\u0142ugodawc\u00f3w, mi\u0119dzy innymi:<\/span><\/p><ul><li><span style=\"font-weight: 400;\">obiekty weselne, fotografowie, filmowcy, muzycy i DJ-e,<\/span><\/li><li><span style=\"font-weight: 400;\">salony mody \u015blubnej, projektant\u00f3w i wsparcie przy wyborze stylizacji,<\/span><\/li><li><span style=\"font-weight: 400;\">cukiernie, barmani, live cooking, atrakcje weselne (od prosecco vana po pokazy fajerwerk\u00f3w i wyst\u0119py gwiazd),<\/span><\/li><li><span style=\"font-weight: 400;\">scenograf\u00f3w, dekorator\u00f3w i floryst\u00f3w,<\/span><\/li><li><span style=\"font-weight: 400;\">styli\u015bci, makija\u017cystki, fryzjerzy<\/span><\/li><li><span style=\"font-weight: 400;\">firmy transportowe i logistyk\u0119 Wasz\u0105 i go\u015bci,<\/span><\/li><li><span style=\"font-weight: 400;\">animatorzy dla dzieci, o\u015bwietleniowc\u00f3w, oprawa muzyczna ceremonii.<\/span><\/li><\/ul><p><span style=\"font-weight: 400;\">Kompleksowe planowanie i koordynacj\u0119:<\/span><\/p><ul><li><span style=\"font-weight: 400;\">szczeg\u00f3\u0142owy harmonogram organizacyjny i scenariusz dnia \u015blubu,<\/span><\/li><li><span style=\"font-weight: 400;\">opracowanie bud\u017cetu i prowadzenie tabel rozliczeniowych,<\/span><\/li><li><span style=\"font-weight: 400;\">sta\u0142y kontakt i nadz\u00f3r nad wykonawcami,<\/span><\/li><li><span style=\"font-weight: 400;\">analiza i kontrola um\u00f3w, pilnowanie termin\u00f3w,<\/span><\/li><li><span style=\"font-weight: 400;\">organizacja logistyki: transporty, monta\u017ce, dostawy, noclegi,<\/span><\/li><li><span style=\"font-weight: 400;\">obecno\u015b\u0107 i koordynacja w dniu \u015blubu\u00a0<\/span><\/li><\/ul>\t\t\t\t\t\t\t\t<\/div>\n\t\t\t\t<div class=\"elementor-element elementor-element-974d7b2 elementor-widget elementor-widget-heading\" data-id=\"974d7b2\" data-element_type=\"widget\" data-widget_type=\"heading.default\">\n\t\t\t\t\t<h2 class=\"elementor-heading-title elementor-size-default\">Dzi\u0119ki temu:<\/h2>\t\t\t\t<\/div>\n\t\t\t\t<div class=\"elementor-element elementor-element-36059e1 elementor-widget__width-initial elementor-widget elementor-widget-text-editor\" data-id=\"36059e1\" data-element_type=\"widget\" data-widget_type=\"text-editor.default\">\n\t\t\t\t\t\t\t\t\t<p><span style=\"font-weight: 400;\">Mo\u017cecie odda\u0107 nam w r\u0119ce ka\u017cdy szczeg\u00f3\u0142 &#8211; od wielkich decyzji po najdrobniejsze detale.<\/span><\/p><p><span style=\"font-weight: 400;\">Zajmiemy si\u0119 absolutnie wszystkim, tak by\u015bcie mogli prze\u017cywa\u0107 przygotowania i dzie\u0144 \u015blubu w spokoju i rado\u015bci.<\/span><\/p>\t\t\t\t\t\t\t\t<\/div>\n\t\t\t\t<div class=\"elementor-element elementor-element-00a1b54 elementor-widget-divider--view-line elementor-widget elementor-widget-divider\" data-id=\"00a1b54\" data-element_type=\"widget\" data-widget_type=\"divider.default\">\n\t\t\t\t\t\t\t<div class=\"elementor-divider\">\n\t\t\t<span class=\"elementor-divider-separator\">\n\t\t\t\t\t\t<\/span>\n\t\t<\/div>\n\t\t\t\t\t\t<\/div>\n\t\t\t\t<div class=\"elementor-element elementor-element-0b61d32 elementor-widget elementor-widget-heading\" data-id=\"0b61d32\" data-element_type=\"widget\" data-widget_type=\"heading.default\">\n\t\t\t\t\t<h2 class=\"elementor-heading-title elementor-size-default\">Cena pakietu zaczyna si\u0119&nbsp;<div>od 12 000 z\u0142.\n<\/div><\/h2>\t\t\t\t<\/div>\n\t\t\t\t<div class=\"elementor-element elementor-element-2cd3380 elementor-widget__width-initial elementor-widget elementor-widget-text-editor\" data-id=\"2cd3380\" data-element_type=\"widget\" data-widget_type=\"text-editor.default\">\n\t\t\t\t\t\t\t\t\t<p><span style=\"font-weight: 400;\">Ka\u017cde wesele jest jednak wyj\u0105tkowe, dlatego ostateczna wycena powstaje dopiero po rozmowie z Wami i dostosowaniu zakresu us\u0142ug do Waszych marze\u0144 i momentu w kt\u00f3rym obecnie znajdujecie si\u0119 z przygotowaniami.<\/span><\/p>\t\t\t\t\t\t\t\t<\/div>\n\t\t\t\t\t<\/div>\n\t\t\t\t<\/div>\n\t\t<div class=\"elementor-element elementor-element-0c31e28 e-flex e-con-boxed e-con e-parent\" data-id=\"0c31e28\" data-element_type=\"container\">\n\t\t\t\t\t<div class=\"e-con-inner\">\n\t\t\t\t<div class=\"elementor-element elementor-element-d471df4 elementor-widget elementor-widget-spacer\" data-id=\"d471df4\" data-element_type=\"widget\" data-widget_type=\"spacer.default\">\n\t\t\t\t\t\t\t<div class=\"elementor-spacer\">\n\t\t\t<div class=\"elementor-spacer-inner\"><\/div>\n\t\t<\/div>\n\t\t\t\t\t\t<\/div>\n\t\t\t\t\t<\/div>\n\t\t\t\t<\/div>\n\t\t<div class=\"elementor-element elementor-element-2e37b4f e-flex e-con-boxed e-con e-parent\" data-id=\"2e37b4f\" data-element_type=\"container\" data-settings=\"{&quot;background_background&quot;:&quot;classic&quot;}\">\n\t\t\t\t\t<div class=\"e-con-inner\">\n\t\t\t\t<div class=\"elementor-element elementor-element-b079ffb elementor-widget elementor-widget-heading\" data-id=\"b079ffb\" data-element_type=\"widget\" data-widget_type=\"heading.default\">\n\t\t\t\t\t<h1 class=\"elementor-heading-title elementor-size-default\">Kontakt<\/h1>\t\t\t\t<\/div>\n\t\t\t\t<div class=\"elementor-element elementor-element-51d794d elementor-widget__width-initial elementor-invisible elementor-widget elementor-widget-heading\" data-id=\"51d794d\" data-element_type=\"widget\" data-settings=\"{&quot;_animation&quot;:&quot;fadeIn&quot;,&quot;_animation_delay&quot;:200}\" data-widget_type=\"heading.default\">\n\t\t\t\t\t<h2 class=\"elementor-heading-title elementor-size-default\">Porozmawiajmy<\/h2>\t\t\t\t<\/div>\n\t\t\t\t<div class=\"elementor-element elementor-element-805e156 elementor-widget__width-initial elementor-invisible elementor-widget elementor-widget-heading\" data-id=\"805e156\" data-element_type=\"widget\" data-settings=\"{&quot;_animation&quot;:&quot;fadeIn&quot;,&quot;_animation_delay&quot;:200}\" data-widget_type=\"heading.default\">\n\t\t\t\t\t<h2 class=\"elementor-heading-title elementor-size-default\">o Waszym \u015blubie.<\/h2>\t\t\t\t<\/div>\n\t\t\t\t<div class=\"elementor-element elementor-element-bd6a0d3 elementor-widget__width-initial elementor-invisible elementor-widget elementor-widget-text-editor\" data-id=\"bd6a0d3\" data-element_type=\"widget\" data-settings=\"{&quot;_animation&quot;:&quot;fadeIn&quot;,&quot;_animation_delay&quot;:400}\" data-widget_type=\"text-editor.default\">\n\t\t\t\t\t\t\t\t\t<p>Opowiedzcie mi o swoim dniu \u2014 stworz\u0119 plan, kt\u00f3ry poprowadzi <br \/>Was do pi\u0119knej, sp\u00f3jnej i wyj\u0105tkowej uroczysto\u015bci. <br \/>Czekam na Wasz\u0105 wiadomo\u015b\u0107.<\/p>\t\t\t\t\t\t\t\t<\/div>\n\t\t<div class=\"elementor-element elementor-element-beedc2e e-con-full e-flex e-con e-child\" data-id=\"beedc2e\" data-element_type=\"container\">\n\t\t<div class=\"elementor-element elementor-element-1b0fa6b e-con-full e-flex e-con e-child\" data-id=\"1b0fa6b\" data-element_type=\"container\">\n\t\t\t\t<div class=\"elementor-element elementor-element-e044016 elementor-align-left elementor-widget elementor-widget-button\" data-id=\"e044016\" data-element_type=\"widget\" data-widget_type=\"button.default\">\n\t\t\t\t\t\t\t\t\t\t<a class=\"elementor-button elementor-button-link elementor-size-sm\" href=\"https:\/\/wizualna-test.eu\/?page_id=222\">\n\t\t\t\t\t\t<span class=\"elementor-button-content-wrapper\">\n\t\t\t\t\t\t\t\t\t<span class=\"elementor-button-text\">Um\u00f3w swoj\u0105 konsultacj\u0119<\/span>\n\t\t\t\t\t<\/span>\n\t\t\t\t\t<\/a>\n\t\t\t\t\t\t\t\t<\/div>\n\t\t\t\t<\/div>\n\t\t\t\t<\/div>\n\t\t\t\t\t<\/div>\n\t\t\t\t<\/div>\n\t\t\t\t<\/div>\n\t\t","protected":false},"excerpt":{"rendered":"<p>KOMPLEKSOWA ORGANIZACJA \u015aLUBU I WESELA Od pierwszej rozmowy a\u017c po ostatni moment dnia \u015blubu czuwam nad ka\u017cdym detalem, harmonogramem i koordynacj\u0105 us\u0142ug, aby\u015bcie mogli w pe\u0142ni cieszy\u0107 si\u0119 tym wyj\u0105tkowym czasem \u2013 bez stresu, po\u015bpiechu i niepotrzebnych decyzji podejmowanych w biegu. Cena zaczyna si\u0119 od: 12 000 z\u0142 Zapytaj ofert\u0119 Wasz \u015blub to pocz\u0105tek nowej [&hellip;]<\/p>\n","protected":false},"author":1,"featured_media":0,"parent":0,"menu_order":0,"comment_status":"closed","ping_status":"closed","template":"","meta":{"footnotes":""},"class_list":["post-567","page","type-page","status-publish","hentry"],"_links":{"self":[{"href":"https:\/\/wizualna-test.eu\/index.php?rest_route=\/wp\/v2\/pages\/567","targetHints":{"allow":["GET"]}}],"collection":[{"href":"https:\/\/wizualna-test.eu\/index.php?rest_route=\/wp\/v2\/pages"}],"about":[{"href":"https:\/\/wizualna-test.eu\/index.php?rest_route=\/wp\/v2\/types\/page"}],"author":[{"embeddable":true,"href":"https:\/\/wizualna-test.eu\/index.php?rest_route=\/wp\/v2\/users\/1"}],"replies":[{"embeddable":true,"href":"https:\/\/wizualna-test.eu\/index.php?rest_route=%2Fwp%2Fv2%2Fcomments&post=567"}],"version-history":[{"count":30,"href":"https:\/\/wizualna-test.eu\/index.php?rest_route=\/wp\/v2\/pages\/567\/revisions"}],"predecessor-version":[{"id":1142,"href":"https:\/\/wizualna-test.eu\/index.php?rest_route=\/wp\/v2\/pages\/567\/revisions\/1142"}],"wp:attachment":[{"href":"https:\/\/wizualna-test.eu\/index.php?rest_route=%2Fwp%2Fv2%2Fmedia&parent=567"}],"curies":[{"name":"wp","href":"https:\/\/api.w.org\/{rel}","templated":true}]}}