{"id":214,"date":"2025-12-10T04:55:12","date_gmt":"2025-12-10T03:55:12","guid":{"rendered":"https:\/\/wizualna-test.eu\/?page_id=214"},"modified":"2026-03-04T15:32:59","modified_gmt":"2026-03-04T14:32:59","slug":"oferta","status":"publish","type":"page","link":"https:\/\/wizualna-test.eu\/?page_id=214","title":{"rendered":"Oferta"},"content":{"rendered":"\t\t<div data-elementor-type=\"wp-page\" data-elementor-id=\"214\" class=\"elementor elementor-214\" data-elementor-post-type=\"page\">\n\t\t\t\t<div class=\"elementor-element elementor-element-51df0ab5 e-con-full e-flex e-con e-parent\" data-id=\"51df0ab5\" data-element_type=\"container\" data-settings=\"{&quot;background_background&quot;:&quot;classic&quot;}\">\n\t\t\t\t<div class=\"elementor-element elementor-element-7604ab38 elementor-widget-mobile__width-inherit elementor--h-position-center elementor--v-position-middle elementor-widget elementor-widget-slides\" data-id=\"7604ab38\" data-element_type=\"widget\" data-settings=\"{&quot;navigation&quot;:&quot;none&quot;,&quot;autoplay_speed&quot;:4000,&quot;transition&quot;:&quot;fade&quot;,&quot;transition_speed&quot;:600,&quot;autoplay&quot;:&quot;yes&quot;,&quot;infinite&quot;:&quot;yes&quot;}\" data-widget_type=\"slides.default\">\n\t\t\t\t\t\t\t\t\t\t<div class=\"elementor-slides-wrapper elementor-main-swiper swiper\" role=\"region\" aria-roledescription=\"carousel\" aria-label=\"Slides\" dir=\"ltr\" data-animation=\"zoomIn\">\n\t\t\t\t<div class=\"swiper-wrapper elementor-slides\">\n\t\t\t\t\t\t\t\t\t\t<div class=\"elementor-repeater-item-ec3fda3 swiper-slide\" role=\"group\" aria-roledescription=\"slide\"><div class=\"swiper-slide-bg elementor-ken-burns elementor-ken-burns--in\" role=\"img\"><\/div><div class=\"elementor-background-overlay\"><\/div><div class=\"swiper-slide-inner\" ><div class=\"swiper-slide-contents\"><\/div><\/div><\/div><div class=\"elementor-repeater-item-84aed0a swiper-slide\" role=\"group\" aria-roledescription=\"slide\"><div class=\"swiper-slide-bg elementor-ken-burns elementor-ken-burns--in\" role=\"img\"><\/div><div class=\"elementor-background-overlay\"><\/div><div class=\"swiper-slide-inner\" ><div class=\"swiper-slide-contents\"><\/div><\/div><\/div><div class=\"elementor-repeater-item-f8dd319 swiper-slide\" role=\"group\" aria-roledescription=\"slide\"><div class=\"swiper-slide-bg elementor-ken-burns elementor-ken-burns--in\" role=\"img\"><\/div><div class=\"elementor-background-overlay\"><\/div><div class=\"swiper-slide-inner\" ><div class=\"swiper-slide-contents\"><\/div><\/div><\/div>\t\t\t\t<\/div>\n\t\t\t\t\t\t\t\t\t\t\t\t\t\t\t\t\t\t\t\t\t<\/div>\n\t\t\t\t\t\t\t\t<\/div>\n\t\t\t\t<\/div>\n\t\t<div class=\"elementor-element elementor-element-44e732aa e-flex e-con-boxed e-con e-parent\" data-id=\"44e732aa\" data-element_type=\"container\" data-settings=\"{&quot;background_background&quot;:&quot;classic&quot;}\">\n\t\t\t\t\t<div class=\"e-con-inner\">\n\t\t<div class=\"elementor-element elementor-element-3e073d56 e-con-full e-flex e-con e-child\" data-id=\"3e073d56\" data-element_type=\"container\">\n\t\t\t\t<div class=\"elementor-element elementor-element-f9951ae elementor-widget elementor-widget-heading\" data-id=\"f9951ae\" data-element_type=\"widget\" data-widget_type=\"heading.default\">\n\t\t\t\t\t<h1 class=\"elementor-heading-title elementor-size-default\">OFERTA<\/h1>\t\t\t\t<\/div>\n\t\t\t\t<div class=\"elementor-element elementor-element-60ab43f elementor-widget elementor-widget-heading\" data-id=\"60ab43f\" data-element_type=\"widget\" data-widget_type=\"heading.default\">\n\t\t\t\t\t<h2 class=\"elementor-heading-title elementor-size-default\">\u015alub to podr\u00f3\u017c <\/h2>\t\t\t\t<\/div>\n\t\t\t\t<div class=\"elementor-element elementor-element-8eb8308 elementor-widget elementor-widget-heading\" data-id=\"8eb8308\" data-element_type=\"widget\" data-widget_type=\"heading.default\">\n\t\t\t\t\t<h2 class=\"elementor-heading-title elementor-size-default\">\u2013 od pierwszej wizji, przez przygotowania, <\/h2>\t\t\t\t<\/div>\n\t\t\t\t<div class=\"elementor-element elementor-element-8c0f657 elementor-widget elementor-widget-heading\" data-id=\"8c0f657\" data-element_type=\"widget\" data-widget_type=\"heading.default\">\n\t\t\t\t\t<h2 class=\"elementor-heading-title elementor-size-default\">a\u017c po moment kiedy gasn\u0105 \u015bwiat\u0142a sali,<div>&nbsp;<span style=\"letter-spacing: 0px\">a Wy zostajecie z najpi\u0119kniejszymi wspomnieniami.<\/span><span style=\"letter-spacing: 0px\"><\/span><\/div><\/h2>\t\t\t\t<\/div>\n\t\t\t\t<\/div>\n\t\t\t\t\t<\/div>\n\t\t\t\t<\/div>\n\t\t<div class=\"elementor-element elementor-element-60922019 e-flex e-con-boxed e-con e-parent\" data-id=\"60922019\" data-element_type=\"container\">\n\t\t\t\t\t<div class=\"e-con-inner\">\n\t\t<div class=\"elementor-element elementor-element-2569cae e-con-full e-flex e-con e-child\" data-id=\"2569cae\" data-element_type=\"container\" data-settings=\"{&quot;background_background&quot;:&quot;classic&quot;}\">\n\t\t\t\t<\/div>\n\t\t<div class=\"elementor-element elementor-element-20ea6b1d e-con-full e-flex e-con e-child\" data-id=\"20ea6b1d\" data-element_type=\"container\" data-settings=\"{&quot;background_background&quot;:&quot;classic&quot;}\">\n\t\t\t\t<div class=\"elementor-element elementor-element-790b5d48 elementor-widget elementor-widget-image-box\" data-id=\"790b5d48\" data-element_type=\"widget\" data-widget_type=\"image-box.default\">\n\t\t\t\t\t<div class=\"elementor-image-box-wrapper\"><div class=\"elementor-image-box-content\"><h2 class=\"elementor-image-box-title\">PE\u0141NA ORGANIZACJA<div>\u015aLUBU I WESELA<\/div><\/h2><p class=\"elementor-image-box-description\">Od pierwszej rozmowy a\u017c po ostatni moment dnia \u015blubu czuwam nad ka\u017cdym detalem i koordynacj\u0105 us\u0142ug, aby\u015bcie mogli w pe\u0142ni cieszy\u0107 si\u0119 tym wyj\u0105tkowym czasem.<\/p><\/div><\/div>\t\t\t\t<\/div>\n\t\t\t\t<div class=\"elementor-element elementor-element-610935b elementor-align-center elementor-widget elementor-widget-button\" data-id=\"610935b\" data-element_type=\"widget\" data-widget_type=\"button.default\">\n\t\t\t\t\t\t\t\t\t\t<a class=\"elementor-button elementor-button-link elementor-size-sm\" href=\"https:\/\/wizualna-test.eu\/?page_id=567\">\n\t\t\t\t\t\t<span class=\"elementor-button-content-wrapper\">\n\t\t\t\t\t\t\t\t\t<span class=\"elementor-button-text\">Poznaj ofert\u0119<\/span>\n\t\t\t\t\t<\/span>\n\t\t\t\t\t<\/a>\n\t\t\t\t\t\t\t\t<\/div>\n\t\t\t\t<\/div>\n\t\t\t\t\t<\/div>\n\t\t\t\t<\/div>\n\t\t<div class=\"elementor-element elementor-element-88c00b5 e-flex e-con-boxed e-con e-parent\" data-id=\"88c00b5\" data-element_type=\"container\">\n\t\t\t\t\t<div class=\"e-con-inner\">\n\t\t<div class=\"elementor-element elementor-element-789a36c e-con-full e-flex e-con e-child\" data-id=\"789a36c\" data-element_type=\"container\">\n\t\t<div class=\"elementor-element elementor-element-a065ef4 e-con-full e-flex e-con e-child\" data-id=\"a065ef4\" data-element_type=\"container\" data-settings=\"{&quot;background_background&quot;:&quot;classic&quot;}\">\n\t\t\t\t<div class=\"elementor-element elementor-element-2d555df elementor-widget elementor-widget-image-box\" data-id=\"2d555df\" data-element_type=\"widget\" data-widget_type=\"image-box.default\">\n\t\t\t\t\t<div class=\"elementor-image-box-wrapper\"><div class=\"elementor-image-box-content\"><h2 class=\"elementor-image-box-title\">KOORDYNACJA DNIA \u015aLUBU<\/h2><p class=\"elementor-image-box-description\">Niewidoczna praca, kt\u00f3ra sprawia, \u017ce wszystko idzie jak w zegarku. Dbam o p\u0142ynny przebieg ca\u0142ego wydarzenia, wsp\u00f3\u0142pracuj\u0119 z us\u0142ugodawcami, \nreaguj\u0119 na niespodziewane sytuacje \ni pilnuj\u0119 harmonogramu.<\/p><\/div><\/div>\t\t\t\t<\/div>\n\t\t\t\t<div class=\"elementor-element elementor-element-add7c2d elementor-align-center elementor-widget elementor-widget-button\" data-id=\"add7c2d\" data-element_type=\"widget\" data-widget_type=\"button.default\">\n\t\t\t\t\t\t\t\t\t\t<a class=\"elementor-button elementor-button-link elementor-size-sm\" href=\"https:\/\/wizualna-test.eu\/?page_id=567\">\n\t\t\t\t\t\t<span class=\"elementor-button-content-wrapper\">\n\t\t\t\t\t\t\t\t\t<span class=\"elementor-button-text\">Poznaj ofert\u0119<\/span>\n\t\t\t\t\t<\/span>\n\t\t\t\t\t<\/a>\n\t\t\t\t\t\t\t\t<\/div>\n\t\t\t\t<\/div>\n\t\t<div class=\"elementor-element elementor-element-6f496df e-con-full e-flex e-con e-child\" data-id=\"6f496df\" data-element_type=\"container\" data-settings=\"{&quot;background_background&quot;:&quot;classic&quot;}\">\n\t\t\t\t<\/div>\n\t\t\t\t<\/div>\n\t\t\t\t\t<\/div>\n\t\t\t\t<\/div>\n\t\t<div class=\"elementor-element elementor-element-07ecd54 e-flex e-con-boxed e-con e-parent\" data-id=\"07ecd54\" data-element_type=\"container\">\n\t\t\t\t\t<div class=\"e-con-inner\">\n\t\t<div class=\"elementor-element elementor-element-3893d18 e-con-full e-flex e-con e-child\" data-id=\"3893d18\" data-element_type=\"container\">\n\t\t<div class=\"elementor-element elementor-element-3ad5212 e-con-full e-flex e-con e-child\" data-id=\"3ad5212\" data-element_type=\"container\" data-settings=\"{&quot;background_background&quot;:&quot;classic&quot;}\">\n\t\t\t\t<\/div>\n\t\t<div class=\"elementor-element elementor-element-3715abe e-con-full e-flex e-con e-child\" data-id=\"3715abe\" data-element_type=\"container\" data-settings=\"{&quot;background_background&quot;:&quot;classic&quot;}\">\n\t\t\t\t<div class=\"elementor-element elementor-element-24473c1 elementor-widget elementor-widget-image-box\" data-id=\"24473c1\" data-element_type=\"widget\" data-widget_type=\"image-box.default\">\n\t\t\t\t\t<div class=\"elementor-image-box-wrapper\"><div class=\"elementor-image-box-content\"><h2 class=\"elementor-image-box-title\">\u015alub za granic\u0105<\/h2><p class=\"elementor-image-box-description\">Toskania, Grecja czy Hiszpania \u2013 zamieniamy marzenia w rzeczywisto\u015b\u0107.\nOrganizuj\u0119 zagraniczne ceremonie od A do Z: od wyboru idealnej lokalizacji, przez kontakt z lokalnymi us\u0142ugodawcami, a\u017c po logistyk\u0119 i koordynacj\u0119 na miejscu.<\/p><\/div><\/div>\t\t\t\t<\/div>\n\t\t\t\t<div class=\"elementor-element elementor-element-889702b elementor-align-center elementor-widget elementor-widget-button\" data-id=\"889702b\" data-element_type=\"widget\" data-widget_type=\"button.default\">\n\t\t\t\t\t\t\t\t\t\t<a class=\"elementor-button elementor-button-link elementor-size-sm\" href=\"https:\/\/wizualna-test.eu\/?page_id=567\">\n\t\t\t\t\t\t<span class=\"elementor-button-content-wrapper\">\n\t\t\t\t\t\t\t\t\t<span class=\"elementor-button-text\">Poznaj ofert\u0119<\/span>\n\t\t\t\t\t<\/span>\n\t\t\t\t\t<\/a>\n\t\t\t\t\t\t\t\t<\/div>\n\t\t\t\t<\/div>\n\t\t\t\t<\/div>\n\t\t\t\t\t<\/div>\n\t\t\t\t<\/div>\n\t\t<div class=\"elementor-element elementor-element-dc11b4a e-flex e-con-boxed e-con e-parent\" data-id=\"dc11b4a\" data-element_type=\"container\">\n\t\t\t\t\t<div class=\"e-con-inner\">\n\t\t<div class=\"elementor-element elementor-element-c0ccbd7 e-con-full e-flex e-con e-child\" data-id=\"c0ccbd7\" data-element_type=\"container\">\n\t\t<div class=\"elementor-element elementor-element-e7a0d34 e-con-full e-flex e-con e-child\" data-id=\"e7a0d34\" data-element_type=\"container\" data-settings=\"{&quot;background_background&quot;:&quot;classic&quot;}\">\n\t\t\t\t<div class=\"elementor-element elementor-element-a6ce39f elementor-widget elementor-widget-image-box\" data-id=\"a6ce39f\" data-element_type=\"widget\" data-widget_type=\"image-box.default\">\n\t\t\t\t\t<div class=\"elementor-image-box-wrapper\"><div class=\"elementor-image-box-content\"><h2 class=\"elementor-image-box-title\">STYLIZACJA I DEKORACJE<\/h2><p class=\"elementor-image-box-description\">Detale, kt\u00f3re tworz\u0105 opraw\u0119 Waszej historii od kwiat\u00f3w po \u015bwiat\u0142o i papeteri\u0119. Projektuj\u0119 sp\u00f3jn\u0105, estetyczn\u0105 i dopracowan\u0105 w ka\u017cdym szczeg\u00f3le atmosfer\u0119 Waszego \u015blubu. Dbam o wszystkie elementy wizualne, kt\u00f3re buduj\u0105 charakter.<\/p><\/div><\/div>\t\t\t\t<\/div>\n\t\t\t\t<div class=\"elementor-element elementor-element-ad26a5e elementor-align-center elementor-widget elementor-widget-button\" data-id=\"ad26a5e\" data-element_type=\"widget\" data-widget_type=\"button.default\">\n\t\t\t\t\t\t\t\t\t\t<a class=\"elementor-button elementor-button-link elementor-size-sm\" href=\"https:\/\/wizualna-test.eu\/?page_id=567\">\n\t\t\t\t\t\t<span class=\"elementor-button-content-wrapper\">\n\t\t\t\t\t\t\t\t\t<span class=\"elementor-button-text\">Poznaj ofert\u0119<\/span>\n\t\t\t\t\t<\/span>\n\t\t\t\t\t<\/a>\n\t\t\t\t\t\t\t\t<\/div>\n\t\t\t\t<\/div>\n\t\t<div class=\"elementor-element elementor-element-d92a5d6 e-con-full e-flex e-con e-child\" data-id=\"d92a5d6\" data-element_type=\"container\" data-settings=\"{&quot;background_background&quot;:&quot;classic&quot;}\">\n\t\t\t\t<\/div>\n\t\t\t\t<\/div>\n\t\t\t\t\t<\/div>\n\t\t\t\t<\/div>\n\t\t<div class=\"elementor-element elementor-element-d611571 e-flex e-con-boxed e-con e-parent\" data-id=\"d611571\" data-element_type=\"container\">\n\t\t\t\t\t<div class=\"e-con-inner\">\n\t\t<div class=\"elementor-element elementor-element-4fc5a2e e-con-full e-flex e-con e-child\" data-id=\"4fc5a2e\" data-element_type=\"container\">\n\t\t<div class=\"elementor-element elementor-element-77a36c1 e-con-full e-flex e-con e-child\" data-id=\"77a36c1\" data-element_type=\"container\" data-settings=\"{&quot;background_background&quot;:&quot;classic&quot;}\">\n\t\t\t\t<\/div>\n\t\t<div class=\"elementor-element elementor-element-a14de9d e-con-full e-flex e-con e-child\" data-id=\"a14de9d\" data-element_type=\"container\" data-settings=\"{&quot;background_background&quot;:&quot;classic&quot;}\">\n\t\t\t\t<div class=\"elementor-element elementor-element-1d926be elementor-testimonial--align-left elementor-widget-mobile__width-inherit elementor-testimonial--tablet-align-center elementor-widget-tablet__width-inherit elementor-testimonial--layout-image_above elementor-testimonial--skin-default elementor-widget elementor-widget-testimonial-carousel\" data-id=\"1d926be\" data-element_type=\"widget\" data-settings=\"{&quot;slides_per_view&quot;:&quot;1&quot;,&quot;slides_to_scroll&quot;:&quot;1&quot;,&quot;space_between&quot;:{&quot;unit&quot;:&quot;px&quot;,&quot;size&quot;:0,&quot;sizes&quot;:[]},&quot;speed&quot;:600,&quot;loop&quot;:&quot;yes&quot;,&quot;space_between_tablet&quot;:{&quot;unit&quot;:&quot;px&quot;,&quot;size&quot;:10,&quot;sizes&quot;:[]},&quot;space_between_mobile&quot;:{&quot;unit&quot;:&quot;px&quot;,&quot;size&quot;:10,&quot;sizes&quot;:[]}}\" data-widget_type=\"testimonial-carousel.default\">\n\t\t\t\t\t\t\t\t\t\t<div class=\"elementor-main-swiper swiper\" role=\"region\" aria-roledescription=\"carousel\" aria-label=\"Slides\">\n\t\t\t\t<div class=\"swiper-wrapper\">\n\t\t\t\t\t\t\t\t\t\t\t<div class=\"swiper-slide\" role=\"group\" aria-roledescription=\"slide\">\n\t\t\t\t\t\t\t\t\t<div class=\"elementor-testimonial\">\n\t\t\t\t\t\t\t<div class=\"elementor-testimonial__content\">\n\t\t\t\t\t<div class=\"elementor-testimonial__text\">\n\t\t\t\t\t\t\u201eWsp\u00f3\u0142praca z Superstar Weddings by\u0142a jedn\u0105 z najlepszych decyzji podczas przygotowa\u0144 do \u015blubu. Wszystko zosta\u0142o zaplanowane z ogromn\u0105 staranno\u015bci\u0105, a ka\u017cdy detal dopracowany tak, jak sobie wymarzyli\u015bmy. W dniu \u015blubu mogli\u015bmy skupi\u0107 si\u0119 tylko na sobie, bo ca\u0142y harmonogram, dekoracje i koordynacja by\u0142y w najlepszych r\u0119kach. Go\u015bcie do dzi\u015b wspominaj\u0105 atmosfer\u0119 i pi\u0119kn\u0105 opraw\u0119 ceremonii.\"\t\t\t\t\t<\/div>\n\t\t\t\t\t<cite class=\"elementor-testimonial__cite\"><span class=\"elementor-testimonial__name\">Ania i Janek<\/span><\/cite>\t\t\t\t<\/div>\n\t\t\t\t\t\t<div class=\"elementor-testimonial__footer\">\n\t\t\t\t\t\t\t\t\t\t\t<\/div>\n\t\t<\/div>\n\t\t\t\t\t\t\t\t<\/div>\n\t\t\t\t\t\t\t\t\t\t\t<div class=\"swiper-slide\" role=\"group\" aria-roledescription=\"slide\">\n\t\t\t\t\t\t\t\t\t<div class=\"elementor-testimonial\">\n\t\t\t\t\t\t\t<div class=\"elementor-testimonial__content\">\n\t\t\t\t\t<div class=\"elementor-testimonial__text\">\n\t\t\t\t\t\t\u201eDzi\u0119kujemy za stworzenie dla nas dnia, kt\u00f3ry przer\u00f3s\u0142 nasze oczekiwania. Od pierwszego spotkania czuli\u015bmy pe\u0142ne zrozumienie naszego stylu i potrzeb. Wszystko odby\u0142o si\u0119 p\u0142ynnie, bez stresu i z du\u017c\u0105 kultur\u0105 pracy. Profesjonalizm, estetyka i opieka nad ka\u017cdym szczeg\u00f3\u0142em sprawi\u0142y, \u017ce nasz \u015blub wygl\u0105da\u0142 jak z magazynu.\"\t\t\t\t\t<\/div>\n\t\t\t\t\t<cite class=\"elementor-testimonial__cite\"><span class=\"elementor-testimonial__name\">Maria i Dominik<\/span><\/cite>\t\t\t\t<\/div>\n\t\t\t\t\t\t<div class=\"elementor-testimonial__footer\">\n\t\t\t\t\t\t\t\t\t\t\t<\/div>\n\t\t<\/div>\n\t\t\t\t\t\t\t\t<\/div>\n\t\t\t\t\t\t\t\t\t\t\t<div class=\"swiper-slide\" role=\"group\" aria-roledescription=\"slide\">\n\t\t\t\t\t\t\t\t\t<div class=\"elementor-testimonial\">\n\t\t\t\t\t\t\t<div class=\"elementor-testimonial__content\">\n\t\t\t\t\t<div class=\"elementor-testimonial__text\">\n\t\t\t\t\t\t\u201eZ ca\u0142ego serca polecamy! Organizacja by\u0142a perfekcyjna, a dekoracje dopasowane do naszej wizji w najdrobniejszych szczeg\u00f3\u0142ach. Dzi\u0119ki zaanga\u017cowaniu Superstar Weddings nasz dzie\u0144 by\u0142 pi\u0119kny, sp\u00f3jny stylistycznie i w pe\u0142ni zgodny z tym, o czym marzyli\u015bmy. Czuli\u015bmy si\u0119 prowadzeni i zaopiekowani na ka\u017cdym etapie, co da\u0142o nam ogromny spok\u00f3j i pewno\u015b\u0107, \u017ce wszystko p\u00f3jdzie idealnie.\"\t\t\t\t\t<\/div>\n\t\t\t\t\t<cite class=\"elementor-testimonial__cite\"><span class=\"elementor-testimonial__name\">Joanna i Kamil<\/span><\/cite>\t\t\t\t<\/div>\n\t\t\t\t\t\t<div class=\"elementor-testimonial__footer\">\n\t\t\t\t\t\t\t\t\t\t\t<\/div>\n\t\t<\/div>\n\t\t\t\t\t\t\t\t<\/div>\n\t\t\t\t\t\t\t\t\t<\/div>\n\t\t\t\t\t\t\t\t\t\t\t\t\t\t\t\t\t\t\t\t\t<\/div>\n\t\t\t\t\t\t\t\t<\/div>\n\t\t\t\t<\/div>\n\t\t\t\t<\/div>\n\t\t\t\t\t<\/div>\n\t\t\t\t<\/div>\n\t\t<div class=\"elementor-element elementor-element-f0f35a8 e-flex e-con-boxed e-con e-parent\" data-id=\"f0f35a8\" data-element_type=\"container\" data-settings=\"{&quot;background_background&quot;:&quot;classic&quot;}\">\n\t\t\t\t\t<div class=\"e-con-inner\">\n\t\t\t\t<div class=\"elementor-element elementor-element-b4f9f6f elementor-widget elementor-widget-heading\" data-id=\"b4f9f6f\" data-element_type=\"widget\" data-widget_type=\"heading.default\">\n\t\t\t\t\t<h1 class=\"elementor-heading-title elementor-size-default\">Kontakt<\/h1>\t\t\t\t<\/div>\n\t\t\t\t<div class=\"elementor-element elementor-element-e2c7e04 elementor-widget__width-initial elementor-invisible elementor-widget elementor-widget-heading\" data-id=\"e2c7e04\" data-element_type=\"widget\" data-settings=\"{&quot;_animation&quot;:&quot;fadeIn&quot;,&quot;_animation_delay&quot;:200}\" data-widget_type=\"heading.default\">\n\t\t\t\t\t<h2 class=\"elementor-heading-title elementor-size-default\">Porozmawiajmy<\/h2>\t\t\t\t<\/div>\n\t\t\t\t<div class=\"elementor-element elementor-element-ad7cdac elementor-widget__width-initial elementor-invisible elementor-widget elementor-widget-heading\" data-id=\"ad7cdac\" data-element_type=\"widget\" data-settings=\"{&quot;_animation&quot;:&quot;fadeIn&quot;,&quot;_animation_delay&quot;:200}\" data-widget_type=\"heading.default\">\n\t\t\t\t\t<h2 class=\"elementor-heading-title elementor-size-default\">o Waszym \u015blubie.<\/h2>\t\t\t\t<\/div>\n\t\t\t\t<div class=\"elementor-element elementor-element-a610971 elementor-widget__width-initial elementor-invisible elementor-widget elementor-widget-text-editor\" data-id=\"a610971\" data-element_type=\"widget\" data-settings=\"{&quot;_animation&quot;:&quot;fadeIn&quot;,&quot;_animation_delay&quot;:400}\" data-widget_type=\"text-editor.default\">\n\t\t\t\t\t\t\t\t\t<p>Opowiedzcie mi o swoim dniu \u2014 stworz\u0119 plan, kt\u00f3ry poprowadzi <br \/>Was do pi\u0119knej, sp\u00f3jnej i wyj\u0105tkowej uroczysto\u015bci. <br \/>Czekam na Wasz\u0105 wiadomo\u015b\u0107.<\/p>\t\t\t\t\t\t\t\t<\/div>\n\t\t<div class=\"elementor-element elementor-element-416bd55 e-con-full e-flex e-con e-child\" data-id=\"416bd55\" data-element_type=\"container\">\n\t\t<div class=\"elementor-element elementor-element-42b3c43 e-con-full e-flex e-con e-child\" data-id=\"42b3c43\" data-element_type=\"container\">\n\t\t\t\t<div class=\"elementor-element elementor-element-09c1151 elementor-align-left elementor-widget elementor-widget-button\" data-id=\"09c1151\" data-element_type=\"widget\" data-widget_type=\"button.default\">\n\t\t\t\t\t\t\t\t\t\t<a class=\"elementor-button elementor-button-link elementor-size-sm\" href=\"https:\/\/wizualna-test.eu\/?page_id=222\">\n\t\t\t\t\t\t<span class=\"elementor-button-content-wrapper\">\n\t\t\t\t\t\t\t\t\t<span class=\"elementor-button-text\">Um\u00f3w swoj\u0105 konsultacj\u0119<\/span>\n\t\t\t\t\t<\/span>\n\t\t\t\t\t<\/a>\n\t\t\t\t\t\t\t\t<\/div>\n\t\t\t\t<\/div>\n\t\t\t\t<\/div>\n\t\t\t\t\t<\/div>\n\t\t\t\t<\/div>\n\t\t\t\t<\/div>\n\t\t","protected":false},"excerpt":{"rendered":"<p>OFERTA \u015alub to podr\u00f3\u017c \u2013 od pierwszej wizji, przez przygotowania, a\u017c po moment kiedy gasn\u0105 \u015bwiat\u0142a sali,&nbsp;a Wy zostajecie z najpi\u0119kniejszymi wspomnieniami. PE\u0141NA ORGANIZACJA\u015aLUBU I WESELA Od pierwszej rozmowy a\u017c po ostatni moment dnia \u015blubu czuwam nad ka\u017cdym detalem i koordynacj\u0105 us\u0142ug, aby\u015bcie mogli w pe\u0142ni cieszy\u0107 si\u0119 tym wyj\u0105tkowym czasem. Poznaj ofert\u0119 KOORDYNACJA DNIA [&hellip;]<\/p>\n","protected":false},"author":1,"featured_media":0,"parent":0,"menu_order":0,"comment_status":"closed","ping_status":"closed","template":"","meta":{"footnotes":""},"class_list":["post-214","page","type-page","status-publish","hentry"],"_links":{"self":[{"href":"https:\/\/wizualna-test.eu\/index.php?rest_route=\/wp\/v2\/pages\/214","targetHints":{"allow":["GET"]}}],"collection":[{"href":"https:\/\/wizualna-test.eu\/index.php?rest_route=\/wp\/v2\/pages"}],"about":[{"href":"https:\/\/wizualna-test.eu\/index.php?rest_route=\/wp\/v2\/types\/page"}],"author":[{"embeddable":true,"href":"https:\/\/wizualna-test.eu\/index.php?rest_route=\/wp\/v2\/users\/1"}],"replies":[{"embeddable":true,"href":"https:\/\/wizualna-test.eu\/index.php?rest_route=%2Fwp%2Fv2%2Fcomments&post=214"}],"version-history":[{"count":73,"href":"https:\/\/wizualna-test.eu\/index.php?rest_route=\/wp\/v2\/pages\/214\/revisions"}],"predecessor-version":[{"id":972,"href":"https:\/\/wizualna-test.eu\/index.php?rest_route=\/wp\/v2\/pages\/214\/revisions\/972"}],"wp:attachment":[{"href":"https:\/\/wizualna-test.eu\/index.php?rest_route=%2Fwp%2Fv2%2Fmedia&parent=214"}],"curies":[{"name":"wp","href":"https:\/\/api.w.org\/{rel}","templated":true}]}}